{"id":520,"date":"2023-11-11T15:16:10","date_gmt":"2023-11-11T14:16:10","guid":{"rendered":"http:\/\/kunstpoint.com\/?page_id=520"},"modified":"2023-11-11T15:17:01","modified_gmt":"2023-11-11T14:17:01","slug":"kunst-figur-auf-bestellung","status":"publish","type":"page","link":"http:\/\/kunstpoint.com\/?page_id=520","title":{"rendered":"Kunst \/ Figur auf Bestellung"},"content":{"rendered":"\n<h2 class=\"wp-block-heading\">Haben Sie eine Wunschfigur?<\/h2>\n\n\n\n<p>Schwebt Ihnen schon lange eine bestimmte Figur vor? <br> Haben Sie ein Bild einer Figur im Kopf?<br> Gerne stellt der K\u00fcnstler Mischa B\u00fcbl eine Holzfigur, vorwiegend eine Figur des Elends und des Leids, her. <br> Teilen Sie Ihre W\u00fcnsche und Vorstellungen mit, Mischa schnitzt sie f\u00fcr Sie.<\/p>\n\n\n\n<p>Diese Figur wurde auf Kundenwunsch angefertigt und bereitet den Besitzer viel Freude!<\/p>\n\n\n\n<p>Auftraggeber war ein Handwerksmeister, der sich eine Skulptur w\u00fcnschte, welche seine schwere Arbeit widerspiegelt. Daraus wurde <strong>Langhand<\/strong> &#8211; Ein v\u00f6llig ausgearbeiteter geschundener Mensch. Schwere F\u00fcsse &#8211; Lange H\u00e4nde &#8211; kaputter R\u00fccken<\/p>\n\n\n\n<figure class=\"wp-block-image size-large\"><img loading=\"lazy\" decoding=\"async\" width=\"766\" height=\"1024\" src=\"http:\/\/kunstpoint.com\/wp-content\/uploads\/2023\/11\/Langhand2-766x1024.jpg\" alt=\"\" class=\"wp-image-525\" srcset=\"http:\/\/kunstpoint.com\/wp-content\/uploads\/2023\/11\/Langhand2-766x1024.jpg 766w, http:\/\/kunstpoint.com\/wp-content\/uploads\/2023\/11\/Langhand2-224x300.jpg 224w, http:\/\/kunstpoint.com\/wp-content\/uploads\/2023\/11\/Langhand2-768x1027.jpg 768w, http:\/\/kunstpoint.com\/wp-content\/uploads\/2023\/11\/Langhand2.jpg 1134w\" sizes=\"auto, (max-width: 766px) 100vw, 766px\" \/><\/figure>\n\n\n\n<figure class=\"wp-block-image size-large\"><img loading=\"lazy\" decoding=\"async\" width=\"768\" height=\"1024\" src=\"http:\/\/kunstpoint.com\/wp-content\/uploads\/2023\/11\/Langhand3-768x1024.jpg\" alt=\"\" class=\"wp-image-524\" srcset=\"http:\/\/kunstpoint.com\/wp-content\/uploads\/2023\/11\/Langhand3-768x1024.jpg 768w, http:\/\/kunstpoint.com\/wp-content\/uploads\/2023\/11\/Langhand3-225x300.jpg 225w, http:\/\/kunstpoint.com\/wp-content\/uploads\/2023\/11\/Langhand3.jpg 922w\" sizes=\"auto, (max-width: 768px) 100vw, 768px\" \/><\/figure>\n\n\n\n<p><\/p>\n\n\n\n<figure class=\"wp-block-image size-large\"><img loading=\"lazy\" decoding=\"async\" width=\"818\" height=\"1024\" src=\"http:\/\/kunstpoint.com\/wp-content\/uploads\/2023\/11\/Langhand1-818x1024.jpg\" alt=\"\" class=\"wp-image-523\" srcset=\"http:\/\/kunstpoint.com\/wp-content\/uploads\/2023\/11\/Langhand1-818x1024.jpg 818w, http:\/\/kunstpoint.com\/wp-content\/uploads\/2023\/11\/Langhand1-240x300.jpg 240w, http:\/\/kunstpoint.com\/wp-content\/uploads\/2023\/11\/Langhand1-768x961.jpg 768w, http:\/\/kunstpoint.com\/wp-content\/uploads\/2023\/11\/Langhand1.jpg 1075w\" sizes=\"auto, (max-width: 818px) 100vw, 818px\" \/><\/figure>\n","protected":false},"excerpt":{"rendered":"<p>Haben Sie eine Wunschfigur? Schwebt Ihnen schon lange eine bestimmte Figur vor? Haben Sie ein Bild einer Figur im Kopf? Gerne stellt der K\u00fcnstler Mischa B\u00fcbl eine Holzfigur, vorwiegend eine Figur des Elends und des Leids, her. Teilen Sie Ihre &hellip; <a href=\"http:\/\/kunstpoint.com\/?page_id=520\">Continue reading <span class=\"meta-nav\">&rarr;<\/span><\/a><\/p>\n","protected":false},"author":1,"featured_media":0,"parent":0,"menu_order":0,"comment_status":"closed","ping_status":"closed","template":"","meta":{"footnotes":""},"class_list":["post-520","page","type-page","status-publish","hentry"],"_links":{"self":[{"href":"http:\/\/kunstpoint.com\/index.php?rest_route=\/wp\/v2\/pages\/520","targetHints":{"allow":["GET"]}}],"collection":[{"href":"http:\/\/kunstpoint.com\/index.php?rest_route=\/wp\/v2\/pages"}],"about":[{"href":"http:\/\/kunstpoint.com\/index.php?rest_route=\/wp\/v2\/types\/page"}],"author":[{"embeddable":true,"href":"http:\/\/kunstpoint.com\/index.php?rest_route=\/wp\/v2\/users\/1"}],"replies":[{"embeddable":true,"href":"http:\/\/kunstpoint.com\/index.php?rest_route=%2Fwp%2Fv2%2Fcomments&post=520"}],"version-history":[{"count":4,"href":"http:\/\/kunstpoint.com\/index.php?rest_route=\/wp\/v2\/pages\/520\/revisions"}],"predecessor-version":[{"id":527,"href":"http:\/\/kunstpoint.com\/index.php?rest_route=\/wp\/v2\/pages\/520\/revisions\/527"}],"wp:attachment":[{"href":"http:\/\/kunstpoint.com\/index.php?rest_route=%2Fwp%2Fv2%2Fmedia&parent=520"}],"curies":[{"name":"wp","href":"https:\/\/api.w.org\/{rel}","templated":true}]}}