{"id":210,"date":"2023-05-15T17:37:53","date_gmt":"2023-05-15T15:37:53","guid":{"rendered":"http:\/\/kunstpoint.com\/?page_id=210"},"modified":"2025-10-15T14:31:23","modified_gmt":"2025-10-15T12:31:23","slug":"impressum-und-kontakt","status":"publish","type":"page","link":"http:\/\/kunstpoint.com\/?page_id=210","title":{"rendered":"Impressum und Kontakt"},"content":{"rendered":"<style>\/*! elementor - v3.13.2 - 11-05-2023 *\/<br \/>\n.elementor-widget-image{text-align:center}.elementor-widget-image a{display:inline-block}.elementor-widget-image a img[src$=\".svg\"]{width:48px}.elementor-widget-image img{vertical-align:middle;display:inline-block}<\/style>\n<p>\t\t\t\t\t\t\t\t\t\t\t\t<img decoding=\"async\" width=\"584\" height=\"438\" src=\"http:\/\/kunstpoint.com\/wp-content\/uploads\/2023\/05\/Langarm-mischa-1024x768.jpg\" alt=\"Mischa B\u00fcbl mit Skulptur\" loading=\"lazy\" srcset=\"http:\/\/kunstpoint.com\/wp-content\/uploads\/2023\/05\/Langarm-mischa-1024x768.jpg 1024w, http:\/\/kunstpoint.com\/wp-content\/uploads\/2023\/05\/Langarm-mischa-300x225.jpg 300w, http:\/\/kunstpoint.com\/wp-content\/uploads\/2023\/05\/Langarm-mischa-768x576.jpg 768w, http:\/\/kunstpoint.com\/wp-content\/uploads\/2023\/05\/Langarm-mischa-400x300.jpg 400w, http:\/\/kunstpoint.com\/wp-content\/uploads\/2023\/05\/Langarm-mischa.jpg 1260w\" sizes=\"auto, (max-width: 584px) 100vw, 584px\">\t\t\t\t\t\t\t\t\t\t\t\t\t\t\t<\/p>\n<\/p>\n\n\n<p>                                                                                               <\/p>\n\n\n\n<h2 class=\"wp-block-heading\"><\/h2>\n\n\n<h1>Schlossermeister\u00a0 &#8211; Kunstschaffender Michael B\u00fcbl<\/h1>\n<p>direkt:<a href=\"http:\/\/&lt;a href=&quot;mailto:mic@buebl.at&quot;&gt;\"> mic@buebl.at<\/a><\/p>\n<h1>oder:\u00a0<\/h1>\n<h1>Ilse R. P\u00f6llmann<br \/>Kunstmanagerin <br \/>M\u00e4zen<br \/>K\u00fcnstlerin<\/h1>\n<p>Hoher Hausberg 10a<br \/>2115 Ernstbrunn &#8211; Leiser Berge<br \/>\u00d6sterreich<\/p>\n<h2><a href=\"http:\/\/poellmann.art\" target=\"_blank\" rel=\"noopener\">http:\/\/poellmann.art<\/a><\/h2>\n<p><!-- \/wp:post-content --><\/p>\n<p>Tel: 0043 (0) 664 180 80 32<br \/>Sende\u00a0 eine Mail: <a href=\"mailto:office@kunstpoint.com\">office@kunstpoint.com<\/a><\/p>\n<p><!-- wp:paragraph --><\/p>\n<div id=\"attachment_567\" style=\"width: 2055px\" class=\"wp-caption aligncenter\"><img loading=\"lazy\" decoding=\"async\" aria-describedby=\"caption-attachment-567\" class=\"wp-image-567 size-full\" src=\"http:\/\/kunstpoint.com\/wp-content\/uploads\/2024\/03\/Management-poellmann-kunstpoint2024-scaled.jpg\" alt=\"P\u00f6llmann Ilse, Michael B\u00fcbl Management P\u00f6llmann\" width=\"2045\" height=\"2560\" srcset=\"http:\/\/kunstpoint.com\/wp-content\/uploads\/2024\/03\/Management-poellmann-kunstpoint2024-scaled.jpg 2045w, http:\/\/kunstpoint.com\/wp-content\/uploads\/2024\/03\/Management-poellmann-kunstpoint2024-240x300.jpg 240w, http:\/\/kunstpoint.com\/wp-content\/uploads\/2024\/03\/Management-poellmann-kunstpoint2024-818x1024.jpg 818w, http:\/\/kunstpoint.com\/wp-content\/uploads\/2024\/03\/Management-poellmann-kunstpoint2024-768x962.jpg 768w, http:\/\/kunstpoint.com\/wp-content\/uploads\/2024\/03\/Management-poellmann-kunstpoint2024-1227x1536.jpg 1227w, http:\/\/kunstpoint.com\/wp-content\/uploads\/2024\/03\/Management-poellmann-kunstpoint2024-1636x2048.jpg 1636w\" sizes=\"auto, (max-width: 2045px) 100vw, 2045px\" \/><p id=\"caption-attachment-567\" class=\"wp-caption-text\">Kunstpoint Managerin Ilse P\u00f6llmann<\/p><\/div>\n<p><!-- \/wp:paragraph --><\/p>\n<p><!-- wp:paragraph --><\/p>\n<p><!-- \/wp:paragraph --><\/p>","protected":false},"excerpt":{"rendered":"<p>Schlossermeister\u00a0 &#8211; Kunstschaffender Michael B\u00fcbl direkt: mic@buebl.at oder:\u00a0 Ilse R. P\u00f6llmannKunstmanagerin M\u00e4zenK\u00fcnstlerin Hoher Hausberg 10a2115 Ernstbrunn &#8211; Leiser Berge\u00d6sterreich http:\/\/poellmann.art Tel: 0043 (0) 664 180 80 32Sende\u00a0 eine Mail: office@kunstpoint.com<\/p>\n","protected":false},"author":1,"featured_media":0,"parent":0,"menu_order":0,"comment_status":"closed","ping_status":"closed","template":"","meta":{"footnotes":""},"class_list":["post-210","page","type-page","status-publish","hentry"],"_links":{"self":[{"href":"http:\/\/kunstpoint.com\/index.php?rest_route=\/wp\/v2\/pages\/210","targetHints":{"allow":["GET"]}}],"collection":[{"href":"http:\/\/kunstpoint.com\/index.php?rest_route=\/wp\/v2\/pages"}],"about":[{"href":"http:\/\/kunstpoint.com\/index.php?rest_route=\/wp\/v2\/types\/page"}],"author":[{"embeddable":true,"href":"http:\/\/kunstpoint.com\/index.php?rest_route=\/wp\/v2\/users\/1"}],"replies":[{"embeddable":true,"href":"http:\/\/kunstpoint.com\/index.php?rest_route=%2Fwp%2Fv2%2Fcomments&post=210"}],"version-history":[{"count":27,"href":"http:\/\/kunstpoint.com\/index.php?rest_route=\/wp\/v2\/pages\/210\/revisions"}],"predecessor-version":[{"id":698,"href":"http:\/\/kunstpoint.com\/index.php?rest_route=\/wp\/v2\/pages\/210\/revisions\/698"}],"wp:attachment":[{"href":"http:\/\/kunstpoint.com\/index.php?rest_route=%2Fwp%2Fv2%2Fmedia&parent=210"}],"curies":[{"name":"wp","href":"https:\/\/api.w.org\/{rel}","templated":true}]}}